ate the remainder when k(-17) is divided by 18.
9
Let t = 6 - 4. Suppose 75 + 71 = t*d. Let w = -32 + 51. Calculate the remainder when d is divided by w.
16
Calculate the remainder when (132/15)/(4/(-10)*-1) is divided by 12.
10
Let b = -29 + 34. Suppose 0 = -b*a + 35 + 40. What is the remainder when 41/5 - 3/a is divided by 3?
2
Let a(c) = c**3 - 5*c**2 - 54*c - 9. What is the remainder when 118 is divided by a(-5)?
8
Suppose s = 3*m + 2, -4*s - 5*m = -3*m - 22. Let w be 0/(-1) - (s - 7). What is the remainder when 8 is divided by 62/22 + w/11?
2
Let k = 79 - 44. Suppose -3*p = -2*f + 45, f = -3*p + 7*p + k. Calculate the remainder when f is divided by ((-13)/(-4) + -1)*4.
6
Calculate the remainder when 77 is divided by (10 - (-320)/(-24))*-3.
7
Suppose -10 = -5*z, 2*o - 170 = -3*z + 6. Calculate the remainder when o is divided by 8.
5
Let i(j) = -j**3 + 4*j**2 + 5*j + 4. Let h be i(5). Suppose h = 4*u - 5*u. What is the remainder when 57 is divided by u/6 - (-356)/12?
28
Suppose 7*a - 2*a = 15, -21 = 3*s + 4*a. Let v = 20 - s. What is the remainder when 57 is divided by v?
26
Suppose -4462 = -66*a - 898. Let o = -45 + 74. Calculate the remainder when a is divided by o.
25
Suppose 2*s - 40 = 16. Suppose s = -9*g + 11*g. What is the remainder when 96 is divided by g?
12
Let b(d) = d**3 - 11*d**2 + 27*d - 12. What is the remainder when 131 is divided by b(8)?
11
Suppose -4*t = -3*h - 72, 2*t + t - 5*h = 54. Suppose -r = 4*f, 2*r - 5*f = r + t. Let a = r + 4. Calculate the remainder when 22 is divided by a.
10
Let r(a) be the first derivative of -a**3/3 - 5*a**2 - 3*a + 28. Calculate the remainder when 86 is divided by r(-3).
14
Let q = 141 - 132. Suppose -5*n + 22 + 223 = 0. Suppose 5 = -4*m - 3*d + n, -5*m + 78 = -2*d. What is the remainder when m is divided by q?
5
Let r(o) = -o**3 + 14*o**2 - 34*o - 4. Calculate the remainder when 335 is divided by r(10).
55
Suppose -4 - 26 = 5*i. Let a(n) = -5*n - 7. What is the remainder when 2/(2*1)*91 is divided by a(i)?
22
Let j(d) = 5*d**2 + 3*d - 1. Let g be j(2). Suppose 5*h = 55 + g. Calculate the remainder when -1 + 4/(h/28) is divided by 3.
0
Suppose 5*f - 64 - 16 = 0. Calculate the remainder when 19 is divided by (1/(-2))/((-6)/(-48)) + f.
7
Suppose -4*m = 14 - 126. Suppose -4*r = -r - 54. Suppose -x = 2*s - 5*x - r, -4*x - 3 = s. Calculate the remainder when m is divided by s.
3
Suppose -140*p + 570 = -135*p. What is the remainder when p is divided by 17?
12
Let c be (4/(-6))/((-2)/6). Let m = 22 + c. What is the remainder when 69 is divided by m?
21
Suppose -j - 5*o = -22, -o - 4*o + 20 = 0. Calculate the remainder when (-15)/(-10)*(-16)/(-6) is divided by j.
0
Suppose -c = -3*c + 36. Suppose 0 = -4*i + s + 132, 0 = -i - 3*s - c + 51. Calculate the remainder when i is divided by 18.
15
Let r(p) = 13 + 7 - 3 - 5 + 2*p. Let m be r(-6). Suppose m*j + 5*i - 55 = -2*j, -3*j - 5*i + 70 = 0. Calculate the remainder when 56 is divided by j.
11
Let z be ((-4)/(-6))/(3*8/828). Suppose -z = -2*j + 19. Calculate the remainder when 38 is divided by j.
17
What is the remainder when -32*(-5)/2*2/5 is divided by 16?
0
Let u(w) = 2*w**2 - 75*w + 72. Let v = 129 + 9. Calculate the remainder when v is divided by u(37).
33
Suppose 0 = 4*o - 3*y - 289, -3*o + 5*y = y - 222. Let w be (-2)/(-4) - 162/12. Let l = 37 + w. What is the remainder when o is divided by l?
22
Let v be 4/10 + (-532)/(-20). Suppose -2*r = -2, -2*d + v = -d - 5*r. Calculate the remainder when d/1 - (-5 - -1) is divided by 19.
17
Let l = 374 - 256. What is the remainder when l is divided by 13?
1
Let k(i) = -20*i - 81. What is the remainder when 76 is divided by k(-6)?
37
Suppose 3 = 2*a - a. Suppose -3 = 4*t + 9, a*h - 108 = 4*t. Let n = -22 + h. What is the remainder when 18 is divided by n?
8
Let d = -33 + 51. Let v = d + -6. Let j = -28 - -60. What is the remainder when j is divided by v?
8
Let y(n) = 32*n**3 + 3*n**2 + n - 2. Suppose -2*k = 2*r - 8, -3*k + 3*r + 0*r = 6. Calculate the remainder when 135 is divided by y(k).
33
Suppose 0*p = 4*p - 2*q - 16, 5*p - 4*q = 17. Suppose -852 - 180 = -43*k. Calculate the remainder when k is divided by p.
4
Suppose 36 = 4*v - 64. Suppose v = -5*w, -2*b - b + w = -11. Calculate the remainder when b is divided by 1.
0
Let m(v) = -v**3 + 16*v**2 - 14*v + 80. Calculate the remainder when m(15) is divided by 24.
23
Let l be (12/10)/((-2)/(-5)). Suppose -l*o + 2*o = -37. Suppose 4*r + 2*g - 80 = 0, 0*r + 3*r - 2*g - 60 = 0. What is the remainder when o is divided by r?
17
Suppose -b + 5*b + 4 = 0, -5*c + 4*b = -69. Let h(w) = -7*w**3 - 3*w**2 - 4*w + 4. Let d be h(-4). What is the remainder when c is divided by d/54 + (-6)/(-27)?
5
Let q = -17 - -37. What is the remainder when ((-143)/(-33))/((-2)/(-36)) is divided by q?
18
Let u(o) = o**3 - 15*o**2 - o + 12. Let a(m) = 1. Let p(y) = 4*a(y) - u(y). What is the remainder when 26 is divided by p(15)?
5
Suppose 0 = 4*v - 20, -2*c + 2*v + 42 = -22. Suppose 0 = 2*m + 4*u + u - c, 4*u = -12. What is the remainder when -14*(m/(-4) - -4) is divided by 18?
17
Let d = -15 - -26. Calculate the remainder when (-114)/(-4) + ((-42)/(-12))/(-7) is divided by d.
6
Suppose b + 5*g - 15 = -0*b, 5*g = 15. Suppose 62*u - 58*u - 548 = b. Calculate the remainder when u is divided by 28.
25
Suppose -14*f + 57*f - 4902 = 0. Calculate the remainder when 792 is divided by f.
108
Let x(o) = o**3 - 9*o**2 - o - 16. Let j(g) = -g + 1. Let c(b) = 6*j(b) + x(b). Calculate the remainder when 38 is divided by c(10).
18
Suppose 5*k - 4*s = 337, -4*k - 2*s - 10 + 264 = 0. What is the remainder when k is divided by 26?
13
Suppose 4*o - 21 = 323. Calculate the remainder when o is divided by 70.
16
Let w = -1199 + 1248. What is the remainder when w is divided by 45?
4
Let d be ((-36)/(-48))/((-1)/148). Suppose 0 = -2*n - 2*n - 264. Let z = n - d. What is the remainder when z is divided by 16?
13
Let d(y) = -4*y + 27. Calculate the remainder when 119 is divided by d(3).
14
What is the remainder when -13 + 12 + (-2 - -3)*53 is divided by 18?
16
What is the remainder when 134 + (54/6)/(-3) is divided by 29?
15
Let z(d) = d**2 - 2 - 3 - d + 0*d. Suppose -16*w + 91 = -9*w. Calculate the remainder when z(-7) is divided by w.
12
Let j = -1104 - -1114. Suppose 0 = 2*w - w, 3*h = w + 18. Calculate the remainder when j is divided by h.
4
Let y = -5 + 10. Let c = 0 + y. Suppose -v + c*a - 4*a + 2 = 0, -2*v - 5 = -5*a. Calculate the remainder when 23 is divided by v.
3
Let f = -84 + 84. Let j(s) = s**2 - 2*s**2 + 2*s - s + 83. What is the remainder when j(f) is divided by 28?
27
Let r = 1623 - 1240. Calculate the remainder when r is divided by 128.
127
Let m = -238 - -243. Calculate the remainder when 10 is divided by m.
0
Suppose 2*u = 5*u - 12. Let p(t) be the first derivative of t**2/2 + 8*t - 430. Calculate the remainder when 35 is divided by p(u).
11
Suppose 4*y - 206 = -o, 19*y = 15*y + 4*o + 196. What is the remainder when 764 is divided by y?
50
Let a(j) = -j**2 + 12*j + 6. Suppose 2*r + 2 + 12 = 4*p, 21 = 5*p + r. Suppose -7 = p*x - 35. Calculate the remainder when a(9) is divided by x.
5
Let u be ((-12)/15)/(((-8)/35)/(-4)). Calculate the remainder when 118 is divided by (-28)/98 + (-242)/u.
16
Let j(r) = r**2 + 113. Suppose 5*p + 9 = 3*f, 0 = -5*p - f - 3*f + 12. Calculate the remainder when j(p) is divided by 57.
56
Let s = -8 + 14. Let p(k) = 2*k - 14. Let r be p(s). Calculate the remainder when 51/(-6)*(r - 2) is divided by 9.
7
Let t = 12 + -4. Let k be (t/24)/((-2)/(-6)). Suppose g = 22 + k. What is the remainder when g is divided by 13?
10
Let r(h) = 5*h - 30. Suppose -4 = -0*u + 2*u, -5*g - 5*u = -660. What is the remainder when g is divided by r(9)?
14
Let q(h) = h**2 + 34*h - 9. Let s(i) = -9*i + 6. What is the remainder when s(-5) is divided by q(-35)?
25
Let f = 121 + -87. What is the remainder when 84 is divided by f?
16
Suppose 4*h - 146 - 542 = 0. What is the remainder when h is divided by 7?
4
Let m be (2 + -7)*24/30. Let h be ((-10)/m)/(2/4). Suppose 3*l + 2 = -2*q + 5, 0 = 3*q + h*l - 4. Calculate the remainder when 10 is divided by q.
1
Let k(l) = l**2 + 4*l - 6. Let q be (-3)/12 + (-57)/12. Let w be k(q). Calculate the remainder when 54 is divided by 42/(-15)*10*w.
26
Ca